115*s + 1390. What is t(-12)?
10
Let a(j) = -1379*j - 4140. Give a(-3).
-3
Let x(j) = -j**3 + 416*j**2 + 4274*j + 253. Calculate x(-10).
113
Let h(p) = 30*p**2 - 20*p - 92. What is h(-5)?
758
Let x(d) = -718*d + 109511. Give x(151).
1093
Let g(o) = -247*o + 5913. Calculate g(17).
1714
Let i(w) = -4*w**2 + 2351*w + 43623. Determine i(-18).
9
Let h(k) = 2*k**3 - 187*k - 589. Give h(-3).
-82
Let r(n) = -2*n**2 - 19625*n + 117815. Give r(6).
-7
Let h(u) = 58*u**3 - 235*u**2 + 218*u - 886. Give h(4).
-62
Let a(o) = o**3 + 8*o**2 - 54*o - 330. Give a(-10).
10
Let p(d) = -418*d**2 + 8761*d - 18. Give p(21).
-375
Let n(t) = -33*t**2 - 3382*t - 11378. Calculate n(-99).
7
Let b(h) = -1399*h + 138494. Calculate b(99).
-7
Let d(q) = 2*q**3 - 127*q**2 - 2072*q - 257. Calculate d(77).
282
Let q(y) = 2*y**3 - 123*y**2 - 26*y + 416. What is q(62)?
2648
Let s(x) = -77*x**2 - 680*x - 1058. Calculate s(-2).
-6
Let g(m) = 566*m - 174037. Give g(308).
291
Let t(y) = -y**3 + 31*y**2 - 8996*y + 249542. What is t(28)?
6
Let g(n) = 3*n**2 - 78*n - 236382. Give g(294).
-6
Let d(r) = 375*r - 7912. Determine d(19).
-787
Let i(z) = -4*z**3 - 51*z**2 - 92*z - 285. Give i(-10).
-465
Let a(b) = -4*b**3 - 187*b**2 + 83*b + 139. Calculate a(-47).
-1553
Let g(t) = -9*t**2 + 70*t + 139. Calculate g(7).
188
Let d(o) = -6673*o + 333707. What is d(50)?
57
Let a(r) = -232*r**2 - 29463*r + 124. Calculate a(-127).
-3
Let p(q) = q**3 - 92*q**2 - 896*q + 39853. Determine p(97).
-14
Let v(k) = 4*k**2 - 237*k - 3344. What is v(-15)?
1111
Let m(t) = -t**3 + 2*t**2 - 636016*t + 2544065. Determine m(4).
-31
Let x(t) = 2*t**3 + 474*t**2 - 9*t - 2144. What is x(-237)?
-11
Let u(x) = -6*x**2 - 476*x + 24828. What is u(36)?
-84
Let u(q) = -50*q**3 + 109*q**2 - 27*q + 22. What is u(2)?
4
Let l(s) = -s**2 + 13499*s - 632241. Determine l(47).
3
Let h(w) = 9*w**2 + 4278*w + 1462. What is h(-475)?
37
Let m(z) = -17*z**2 + 4040*z + 1420. Give m(238).
-8
Let f(d) = -d**3 - 373*d**2 - 19055*d + 70589. Give f(-311).
-8
Let v(c) = c**3 - 23*c**2 - 514*c + 9117. What is v(30)?
-3
Let z(i) = -33*i**3 + 11*i**2 + 118*i - 544. Give z(5).
-3804
Let y(n) = 2*n**3 - 14*n**2 + 5359*n - 43000. Determine y(8).
0
Let w(z) = 18691*z + 3027964. Calculate w(-162).
22
Let h(p) = 4*p**2 + 582*p - 939. Give h(-147).
-57
Let d(m) = -9*m**2 + 42*m + 497. Determine d(-9).
-610
Let a(v) = -7*v**3 - 631*v**2 - 706*v + 540. Give a(-89).
6
Let t(a) = -31383*a - 753194. What is t(-24)?
-2
Let t(u) = u**3 - 29*u**2 + 108*u - 23. Give t(0).
-23
Let h(n) = -n**3 - 5*n**2 + 102*n + 525. Give h(-5).
15
Let a(q) = -5*q**2 + 1042*q - 52336. Give a(124).
-8
Let c(p) = -2*p**2 + 20284*p - 364472. What is c(18)?
-8
Let h(c) = 562795*c - 9567512. Determine h(17).
3
Let t(v) = 5*v - 1371. What is t(66)?
-1041
Let m(r) = -39391*r + 157561. Give m(4).
-3
Let j(h) = -h**3 - 14*h**2 + 367*h + 187. Calculate j(-27).
-245
Let h(s) = 2937*s - 23453. What is h(8)?
43
Let b(w) = -25*w**2 + 962*w + 643. What is b(39)?
136
Let f(a) = -a**3 - 23*a**2 + 107*a + 2202. What is f(-18)?
-1344
Let r(j) = -2*j**3 + 14*j**2 + 631*j + 624. Give r(22).
-14
Let o(k) = -2*k**2 + 180*k + 9190. Calculate o(129).
-872
Let q(g) = -2*g**2 - 2869*g - 277973. Calculate q(-1330).
-3
Let a(j) = -6*j**3 - 6966*j**2 - 6953*j + 8127. Calculate a(-1160).
7
Let a(f) = f**3 - 15*f**2 - 118*f + 90. What is a(20)?
-270
Let l(w) = w**3 + 831*w**2 - 14449*w + 558. What is l(17)?
-3
Let l(p) = -p**3 + 17*p**2 + 663*p - 10329. Give l(15).
66
Let r(o) = -6*o**2 - 3684*o + 51406. What is r(14)?
-1346
Let j(h) = -16*h**3 - 11*h**2 + 167*h + 41. Calculate j(3).
11
Let s(q) = -q**3 - 88*q**2 - 7*q + 182. Calculate s(-88).
798
Let n(u) = -888*u - 21312. Determine n(-24).
0
Let f(z) = -1898*z + 9874. Calculate f(5).
384
Let a(b) = b**2 + 2313*b - 193781. Give a(81).
133
Let s(k) = -2*k**2 + 840*k + 5099. What is s(-6)?
-13
Let b(y) = 47*y**2 + 504*y + 486. What is b(-9)?
-243
Let k(z) = -4100*z**2 + 192700*z + 19. Calculate k(47).
19
Let c(f) = -f**3 - 105*f**2 + 589*f + 4295. What is c(-110)?
5
Let w(t) = 39*t**2 - 456*t - 495. Give w(-1).
0
Let b(t) = 248*t - 3974. Give b(24).
1978
Let h(t) = -273*t - 205990. Determine h(-756).
398
Let v(y) = -20*y**3 - 121*y**2 + 19*y + 186. Give v(-6).
36
Let u(q) = 3877*q - 1368. Determine u(1).
2509
Let i(a) = a**3 - 41*a**2 - 31*a - 705. Determine i(42).
-243
Let p(i) = -i**2 - 65*i - 803. Calculate p(-17).
13
Let b(r) = -38348*r - 3489675. Determine b(-91).
-7
Let w(c) = -5*c**2 - 1819*c - 14642. Determine w(-8).
-410
Let x(q) = -q**3 + 48*q**2 + 68*q - 874. Calculate x(49).
57
Let t(u) = u**3 - 21*u**2 + 2114*u - 39368. Calculate t(19).
76
Let h(d) = 4769*d - 1306732. Calculate h(274).
-26
Let m(i) = 76*i**3 - 9*i**2 - 5*i - 3. What is m(-1)?
-83
Let u(t) = -341*t + 23367. Give u(69).
-162
Let d(o) = -1124*o**3 + 67440*o**2 + o - 68. Give d(60).
-8
Let b(y) = -y**3 + 22*y**2 + 338*y + 980. Give b(-5).
-35
Let d(j) = 51*j**2 + 1915*j + 15613. Determine d(-12).
-23
Let i(s) = -105*s - 11868. What is i(-113)?
-3
Let f(i) = -3*i**2 - 14616*i + 102395. Determine f(7).
-64
Let p(y) = -4210*y + 75834. Give p(18).
54
Let w(n) = -3412*n**2 + 999718*n - 589. Determine w(293).
-3
Let w(p) = -2*p**2 - 1084*p - 99892. Give w(-117).
-442
Let u(g) = -35604*g + 284841. Determine u(8).
9
Let t(s) = s**2 + 3825*s + 91144. Calculate t(-24).
-80
Let r(x) = -5*x**3 + 566*x**2 - 212*x + 11245. What is r(113)?
58
Let k(p) = 4*p**3 + 146*p**2 + 186*p + 17. Give k(-35).
857
Let l(k) = -8958*k - 788285. Determine l(-88).
19
Let l(v) = 3079*v - 2192241. What is l(712)?
7
Let c(g) = -34*g**2 + 11134*g + 11166. Give c(-1).
-2
Let f(y) = 2*y**2 + y - 292. What is f(-22)?
654
Let o(s) = -14*s**3 - 8*s**2 - 4*s - 10. Calculate o(-2).
78
Let u(t) = 449*t + 107375. What is u(-239)?
64
Let d(j) = 51*j**2 + 45*j - 42. Calculate d(-7).
2142
Let f(v) = 22*v**2 + 424*v + 180. Give f(-19).
66
Let q(f) = -f**3 + 34*f**2 - 95*f - 11. Give q(31).
-73
Let b(y) = 3386*y + 16032. Give b(-5).
-898
Let s(f) = 22*f**2 + 1752*f + 20940. Give s(-65).
10
Let b(r) = 359*r - 83615. Determine b(233).
32
Let q(s) = -2*s**2 + 501*s - 18161. Determine q(44).
11
Let m(w) = -24629*w - 1576302. Determine m(-64).
-46
Let d(l) = l**2 - 1032*l - 179783. Give d(-152).
185
Let b(m) = -m**2 + 4101*m + 390054. What is b(-93)?
12
Let j(d) = -86*d + 55. Calculate j(4).
-289
Let q(k) = -5*k**2 - 1074*k - 35570. What is q(-41)?
59
Let g(d) = -3*d**2 + 925*d + 23940. Determine g(-24).
12
Let j(t) = 55428*t + 2660585. Determine j(-48).
41
Let j(v) = 130*v**2 - 1275*v - 203. What is j(10)?
47
Let o(l) = 532167*l - 4789496. Calculate o(9).
7
Let p(l) = -2*l**2 - 112*l + 36. Determine p(-11).
1026
Let t(g) = -g**3 - 15648*g**2 - 78224*g - 17. Give t(-5).
28
Let u(j) = -j**3 + 57*j**2 - 63*j + 468. What is u(56)?
76
Let b(n) = -2*n**3 + 139*n**2 - 34*n - 2208. Give b(69).
207
Let p(l) = l**3 + 138*l**2 + 110*l - 176647. Give p(-126).
5
Let j(s) = 6654*s - 711973. What is j(107)?
5
Let b(a) = -2*a**3 + 1400*a**2 - 5598*a + 20876. Determine b(696).
-4
Let w(u) = -5218*u + 52109. What is w(10)?
-71
Let w(j) = j**3 + 12*j**2 - 153*j - 352. Calculate w(-2).
-6
Let i(w) = -w**3 - 10*w**2 - 11*w. What is i(-11)?
242
Let x(k) = 29797*k - 1668631. Give x(56).
1
Let q(s) = -2*s**3 - 88*s**2 + 1769*s + 79757. Determine q(-43).
-8
Let k(z) = 16*z**2 + 165*z - 643. Give k(3).
-4
Let c(b) = -b**2 - 145583*b + 2912135. Give c(20).
75
Let p(g) = -2*g**2 + 219*g + 756. Give p(-4).
-152
Let a(s) = -17*s**3 + 1448*s**2 - 256*s - 228. What is a(85)?
-313
Let b(k) = -11013*k + 132281. Determine b(12).
125
Let q(t) = 65*t**2 - 653*t - 102. What is q(10)?
-132
Let b(g) = 40*g**2 + 332*g + 2848. Determine b(-8).
2752
Let g(a) = 827*a**2 - 117*a - 118. What is g(-1)?
826
Let w(k) = -k**3 + 19*k**2 + 148*k + 258. What is w(25)?
208
Let p(c) = c**2 + 26*c - 5891. Give p(-85).
-876
Let f(d) = 3*d**2 - 59020*d - 236101. What is f(-4)?
27
Let w(k) = 91*k + 364. Give w(0).
364
Let a(y) = 26*y**2 + 24250*y - 7473. Determine a(-933).
-9
Let z(u) = u**3 + 36*u**2 + 481*u + 2169. Determine z(-9).
27
Let b(f) = -417418*f + 3756762. Determine b(9).
0
Let q(h) = 140785*h - 15627132. Calculate q(111).
3
Let w(h) = -86*h - 3117. What is w(-47)?
925
Let y(f) = f